{"id":110,"date":"2016-12-12T18:26:40","date_gmt":"2016-12-12T17:26:40","guid":{"rendered":"http:\/\/deep-darkness.org\/wpdeepdarkness\/?page_id=110"},"modified":"2024-06-14T14:16:42","modified_gmt":"2024-06-14T12:16:42","slug":"videos-maginotlinie","status":"publish","type":"page","link":"https:\/\/deep-darkness.org\/wpdeepdarkness\/videos-maginotlinie\/","title":{"rendered":"Videos Maginotlinie"},"content":{"rendered":"<h1 id=\"\u201cdokumentation_maginotlinie\u201c\" style=\"text-align: justify;\"><span style=\"color: #ff9900;\">Videos Maginotlinie<br \/>\n<\/span><\/h1>\n<p style=\"text-align: justify;\">An dieser Stelle zeigen wir Videos, die wir selber gedreht haben. Da wir einen Mindestanspruch an die Qualit\u00e4t der Filme haben, sind die Dateien dem entsprechend gro\u00df. Auf Rechnern mit einer langsamen Internetverbindung, ist die Downloadzeit entsprechend gro\u00df. Die Videos sind auch im Vollbild zu betrachten, dann ist die Qualit\u00e4t nat\u00fcrlich etwas bescheidener.<\/p>\n<p style=\"text-align: justify;\">\u00dcbersicht \u00fcber die einzelnen Videos:<\/p>\n<ol style=\"text-align: justify;\">\n<li><span style=\"color: #ff9900;\"><a style=\"color: #ff9900;\" href=\"#inside_maginotline\">Eigenes Video im Artilleriewerk Latiremont gedreht<\/a><\/span> (ca. 97 Minuten)<\/li>\n<li><span style=\"color: #ff9900;\"><a style=\"color: #ff9900;\" href=\"#ueberflutet_maginotlinie\">Eigenes Video in einem teilweise \u00fcberfluteten Artilleriewerk gedreht<\/a><\/span> (ca. 58 Minuten)<\/li>\n<li><span style=\"color: #ff9900;\"><a style=\"color: #ff9900;\" href=\"#artilleriewerk_rochonvillers\">Eigenes Video im Artilleriewerk Rochonvillers\/Neuer Bunkerbereich gedreht<\/a><\/span> (ca. 84 Minuten)<\/li>\n<li><span style=\"color: #ff9900;\"><a style=\"color: #ff9900;\" href=\"#garnisonsstadt_angevillers\">Eigenes Video in der Garnisonsstadt Angevillers gedreht<\/a><\/span> (ca. 9 Minuten)<\/li>\n<li><span style=\"color: #ff9900;\"><a style=\"color: #ff9900;\" href=\"#artilleriewerk_metrich\">Eigenes Video im Artilleriewerk Metrich gedreht<\/a><\/span> (ca. 69 Minuten)<\/li>\n<\/ol>\n<hr>\n<p style=\"text-align: justify;\"><a name=\"inside_maginotline\"><\/a><br \/>\nInside Maginotline &#8211; Ungeschnitten und Unzensiert.<\/p>\n<p>Viele unserer gesch\u00e4tzen Besucher dieser Webseite haben aus den verschiedensten Gr\u00fcnden nicht die M\u00f6glichkeit, selber einmal ein verlassenes Werk der Maginotlinie zu betreten. Deswegen haben wir im Artilleriewerk Latiremont (A3) diesen Film gedreht, um Dimensionen, Entfernungen und die Dunkelheit einmal jedem n\u00e4her zu bringen, der noch nie dort unten war&#8230;<\/p>\n<p>Bewu\u00dft haben wir gro\u00dfe Entfernung im Film nicht geschnitten und verk\u00fcrzt, sondern sie in Originall\u00e4nge gelassen.<\/p>\n<p>&nbsp;<br \/>\n<iframe loading=\"lazy\" src=\"https:\/\/www.youtube-nocookie.com\/embed\/KlA-U8YxNBY\" allowfullscreen=\"allowfullscreen\" width=\"854\" height=\"480\" frameborder=\"0\"><\/iframe><\/p>\n<p>&nbsp;<\/p>\n<hr>\n<p style=\"text-align: justify;\"><a name=\"ueberflutet_maginotlinie\"><\/a><br \/>\nDas Team Deep Darkness in einem teilweise \u00fcberfluteten Artilleriewerk.<\/p>\n<p style=\"text-align: justify;\">Viele unserer gesch\u00e4tzten Besucher haben sich in der Vergangenheit unser Video der Befahrung des Artilleriewerks Latiremont angeschaut. Die R\u00fcckmeldungen zu dem Clip waren ebenso positiv wie zahlreich.<\/p>\n<p>Viele Betrachter haben aus den verschiedensten Gr\u00fcnden nicht die M\u00f6glichkeit ein Werk der Maginotlinie selbst zu besichtigen. Sei es aus gesundheitlichen Gr\u00fcnden, aus Zeitmangel oder aber einfach aufgrund zu weiter Anfahrtswege.<\/p>\n<p>Einige haben uns aber auch verraten, dass der Respekt vor der Sache einfach zu gro\u00df ist. Ein sehr ehrliches und nachvollziehbares Argument wie wir finden. Alle haben aber den gleichen Wunsch an uns herangetragen\u2026 Eine Fortf\u00fchrung unserer Videorubrik. Manchmal sind bewegte Bilder doch ausdrucksst\u00e4rker als statische Motivumsetzungen.<\/p>\n<p>Dem Wunsch sind wir gerne gefolgt. Ergebnis ist ein Zusammenschnitt aus der Befahrung eines teilweise \u00fcberfluteten Artilleriewerkes. Eines sei an dieser Stelle besonders hervorgehoben, n\u00e4mlich der bereits angesprochene Respekt vor der Sache. Wir haben uns bem\u00fcht diesen Gedanken aufzugreifen und in das Video einflie\u00dfen zu lassen.<br \/>\nDer Zusammenschnitt soll einmal eine andere Seite beleuchten. Eine Seite die nicht unbedingt auf so manchem Foto zu betrachten&nbsp; und auch nicht in allen Anlagen st\u00e4ndiger Begleiter ist. Trotzdem ist der Befahrung eines Werkes immer mit viel Vorsicht, aber mit noch mehr Respekt vor der Gefahr entgegen zu treten. Dieses Video zeigt die wechselhaften Begleitumst\u00e4nde und die nicht zu untersch\u00e4tzenden Risikofaktoren einer Befahrung. Es soll die Anforderungen an den Befahrer und eine gute Ausr\u00fcstung beleuchten.<\/p>\n<p>Genug der Worte, seht einfach selbst\u2026<br \/>\n<iframe loading=\"lazy\" src=\"https:\/\/www.youtube-nocookie.com\/embed\/Y89rohqsaCE\" allowfullscreen=\"allowfullscreen\" width=\"854\" height=\"480\" frameborder=\"0\"><\/iframe><\/p>\n<hr>\n<p style=\"text-align: justify;\"><a name=\"artilleriewerk_rochonvillers\"><\/a><br \/>\n&nbsp;Artilleriewerk Rochonvillers &#8211; Neuer Bunkerbereich<\/p>\n<p style=\"text-align: justify;\">Ein wahres Highlight pr\u00e4sentieren wir euch in diesem Video, welches das Team Deep Darkness im Jahr 2011 gedreht hat. W\u00e4hrend einer L\u00e4nge von 1 Stunde und 24 Minuten pr\u00e4sentieren wir euch einen kompletten Rundgang durch den neuen Bunkerbereich. Der Film beschr\u00e4nkt sich allerdings ausschlie\u00dflich auf diesen Bereich, da dieser nun schon interessant genug ist. Den wirklich alten Bereich mit den Kampfbl\u00f6cken haben wir ausschlie\u00dflich fotografiert.<\/p>\n<p style=\"text-align: justify;\">Leider ist das Werk, wie wir bei einem Besuch vor ein paar Wochen festgestellt haben, entg\u00fcltig verschlossen.<\/p>\n<p style=\"text-align: center;\">Der neue Bunkerbereich:<\/p>\n<p style=\"text-align: justify;\"><img loading=\"lazy\" decoding=\"async\" class=\"size-full wp-image-243 aligncenter\" src=\"http:\/\/deep-darkness.org\/wpdeepdarkness\/wp-content\/uploads\/2016\/12\/rochonvillers_gefilmt.jpg\" alt=\"\" width=\"547\" height=\"358\" srcset=\"https:\/\/deep-darkness.org\/wpdeepdarkness\/wp-content\/uploads\/2016\/12\/rochonvillers_gefilmt.jpg 547w, https:\/\/deep-darkness.org\/wpdeepdarkness\/wp-content\/uploads\/2016\/12\/rochonvillers_gefilmt-300x196.jpg 300w\" sizes=\"auto, (max-width: 547px) 100vw, 547px\" \/><\/p>\n<p style=\"text-align: justify;\">&nbsp;<\/p>\n<p><iframe loading=\"lazy\" src=\"https:\/\/www.youtube-nocookie.com\/embed\/Kla-PrWFhxI\" allowfullscreen=\"allowfullscreen\" width=\"854\" height=\"480\" frameborder=\"0\"><\/iframe><\/p>\n<p style=\"text-align: justify;\">&nbsp;<\/p>\n<hr>\n<p style=\"text-align: justify;\"><a name=\"garnisonsstadt_angevillers\"><\/a><\/p>\n<p style=\"text-align: justify;\">Garnisonsstadt Angevillers<\/p>\n<p style=\"text-align: justify;\">Camp d`Angevillers ist eine der zahlreichen Friedenskasernen, die w\u00e4hrend der Errichtung der Maginot-Linie erbaut wurden.<\/p>\n<p style=\"text-align: justify;\">Zu Friedenszeiten waren hier die Truppen der Festungswerke stationiert. Camp d`Angevillers wurde 1933 in das Festungsgebiet von Thionville eingegliedert.<\/p>\n<p style=\"text-align: justify;\"><img loading=\"lazy\" decoding=\"async\" class=\"aligncenter wp-image-224 size-full\" src=\"http:\/\/deep-darkness.org\/wpdeepdarkness\/wp-content\/uploads\/2016\/12\/angervillers_luftbild.jpg\" width=\"500\" height=\"388\" srcset=\"https:\/\/deep-darkness.org\/wpdeepdarkness\/wp-content\/uploads\/2016\/12\/angervillers_luftbild.jpg 500w, https:\/\/deep-darkness.org\/wpdeepdarkness\/wp-content\/uploads\/2016\/12\/angervillers_luftbild-300x233.jpg 300w\" sizes=\"auto, (max-width: 500px) 100vw, 500px\" \/><\/p>\n<p style=\"text-align: center;\"><span style=\"font-size: 8pt;\"><em>Quelle Luftbild: Google Earth<\/em><\/span><\/p>\n<p style=\"text-align: justify;\">Im Laufe der Geschichte waren hier das 168. Infanterie-Regiment, das 151. Artillerie-Regiment und das&nbsp; 169. Infanterie-Regiment stationiert. Nach dem zweiten Weltkrieg fanden hier auch Einheiten der US Air Force Unterkunft, die in den benachbarten Festungswerken Rochonvillers und Molvange t\u00e4tig waren.<\/p>\n<p style=\"text-align: justify;\">Heute ist die Kaserne verlassen und verf\u00e4llt zusehends.<\/p>\n<p style=\"text-align: justify;\"><iframe loading=\"lazy\" src=\"https:\/\/www.youtube-nocookie.com\/embed\/C_mNgxWStlI\" allowfullscreen=\"allowfullscreen\" width=\"854\" height=\"480\" frameborder=\"0\"><\/iframe><br \/>\n&nbsp;<\/p>\n<hr>\n<p style=\"text-align: justify;\"><a name=\"artilleriewerk_metrich\"><\/a><br \/>\nArtilleriewerk Metrich<\/p>\n<p style=\"text-align: justify;\">Ein, wie gew\u00fcnscht, etwas mystisch angehauchtes Video. Gedreht haben wir im Artilleriewerk Metrich. Als besonderen Gag haben wir zum Schluss diesmal ein kleines &#8222;Making Of&#8220; hinzugef\u00fcgt.<\/p>\n<p style=\"text-align: justify;\"><iframe loading=\"lazy\" src=\"https:\/\/www.youtube-nocookie.com\/embed\/CgvToSLKCfA\" allowfullscreen=\"allowfullscreen\" width=\"854\" height=\"480\" frameborder=\"0\"><\/iframe><\/p>\n<p style=\"text-align: justify;\">&nbsp;<\/p>\n<p>&nbsp;<\/p>\n<hr>\n<p>&nbsp;<\/p>\n<p>&nbsp;<\/p>\n","protected":false},"excerpt":{"rendered":"<p>Videos Maginotlinie An dieser Stelle zeigen wir Videos, die wir selber gedreht haben. Da wir einen Mindestanspruch an die Qualit\u00e4t der Filme haben, sind die Dateien dem entsprechend gro\u00df. Auf Rechnern mit einer langsamen Internetverbindung, ist die Downloadzeit entsprechend gro\u00df. Die Videos sind auch im Vollbild zu betrachten, dann ist die Qualit\u00e4t nat\u00fcrlich etwas bescheidener. [&hellip;]<\/p>\n","protected":false},"author":2,"featured_media":0,"parent":0,"menu_order":0,"comment_status":"closed","ping_status":"closed","template":"template-page-no-title.php","meta":{"ngg_post_thumbnail":0,"footnotes":""},"class_list":["post-110","page","type-page","status-publish","hentry"],"_links":{"self":[{"href":"https:\/\/deep-darkness.org\/wpdeepdarkness\/wp-json\/wp\/v2\/pages\/110","targetHints":{"allow":["GET"]}}],"collection":[{"href":"https:\/\/deep-darkness.org\/wpdeepdarkness\/wp-json\/wp\/v2\/pages"}],"about":[{"href":"https:\/\/deep-darkness.org\/wpdeepdarkness\/wp-json\/wp\/v2\/types\/page"}],"author":[{"embeddable":true,"href":"https:\/\/deep-darkness.org\/wpdeepdarkness\/wp-json\/wp\/v2\/users\/2"}],"replies":[{"embeddable":true,"href":"https:\/\/deep-darkness.org\/wpdeepdarkness\/wp-json\/wp\/v2\/comments?post=110"}],"version-history":[{"count":77,"href":"https:\/\/deep-darkness.org\/wpdeepdarkness\/wp-json\/wp\/v2\/pages\/110\/revisions"}],"predecessor-version":[{"id":1430,"href":"https:\/\/deep-darkness.org\/wpdeepdarkness\/wp-json\/wp\/v2\/pages\/110\/revisions\/1430"}],"wp:attachment":[{"href":"https:\/\/deep-darkness.org\/wpdeepdarkness\/wp-json\/wp\/v2\/media?parent=110"}],"curies":[{"name":"wp","href":"https:\/\/api.w.org\/{rel}","templated":true}]}}