{"id":1232,"date":"2023-01-16T19:30:40","date_gmt":"2023-01-16T18:30:40","guid":{"rendered":"http:\/\/deep-darkness.org\/wpdeepdarkness\/?page_id=1232"},"modified":"2025-11-13T19:20:55","modified_gmt":"2025-11-13T18:20:55","slug":"tschernobyl-prypiat","status":"publish","type":"page","link":"https:\/\/deep-darkness.org\/wpdeepdarkness\/tschernobyl-prypiat\/","title":{"rendered":"Tschernobyl \/ Prypiat"},"content":{"rendered":"\n<p style=\"text-align: left;\">&nbsp;<\/p>\n<p style=\"text-align: left;\">Im Mai 2017 hat es Michael nach langen \u00dcberlegungen und Planungen dann endlich nach Tschernobyl und Prypiat verschlagen. Es herrschte eine d\u00fcstere Atmosph\u00e4re, vor allen Dingen wird einem dort erst wirklich das Ausma\u00df der Katastrophe bewusst und welches menschliche Leid sich dort damals ab dem 26. April 1986 ereignet hat.<\/p>\n<p style=\"text-align: left;\">Michael war mit der ukrainischen Sachverst\u00e4ndigen S. vor Ort und hat viele Orte gesehen, die normalerweise nicht zug\u00e4nglich sind. Viele Orte kann man nur f\u00fcr ein paar Minuten aufsuchen, da sonst die Strahlung zu hoch ist. Orte wie den rote Wald haben sie zusammen nur mit dem Auto durchfahren, da ein Austeigen dort zu gef\u00e4hrlich w\u00e4re.<\/p>\n<p style=\"text-align: left;\">Auf verst\u00e4ndlichen Wunsch sind viele Fotos nicht online, um Nachahmer abzuhalten. Aktuell im Jahr 2023 ist ein Besuch in der Ukraine leider eh nicht realisierbar.<\/p>\n<p style=\"text-align: left;\">Das Betreten der meisten Geb\u00e4ude dort, ist mittlerweile verboten und wird seitens des Milit\u00e4rs auch streng kontrolliert. Sei es wegen der dort noch herrschenden Strahlung oder schlicht und ergreifend aufgrund der Einsturzgefahr. Etliche H\u00e4user sind teilweise schon eingest\u00fcrzt.<\/p>\n<p style=\"text-align: left;\">Eine Einreise in das Sperrgebiet ist ohne vorherige Anmeldung nicht m\u00f6glich, der Zugang wird von der ukrainischen Armee bewacht und man kommt nur mit einem angemeldeten Reisepass auf das Gebiet. Die Ausreise aus dem Sperrgebiet ist genauso kompliziert, man kommt nur raus, wenn man beim Checkpoint auf Strahlung kontrolliert wurde und nicht kontaminiert ist. Fotos von Einreise und Ausreise, aus dem Sperrbezirk, sind bei Strafe, seitens der ukrainischen Armee, strengstens verboten.<\/p>\n<p style=\"text-align: center;\"><br>Ein besonderes Erlebnis war sicherlich der Klang des Pianos, gespielt von seiner Begleiterin S. in einer sonst stillen und stummen, verlassenen Stadt Prypiat:<\/p>\n<p>&nbsp;<\/p>\n<p style=\"text-align: center;\"><iframe loading=\"lazy\" src=\"\/\/www.youtube.com\/embed\/3giVgDO0xKA\" width=\"1069\" height=\"600\" allowfullscreen=\"allowfullscreen\"><\/iframe><\/p>\n<p style=\"text-align: left;\">&nbsp;<\/p>\n<p>&nbsp;<\/p>\n<p style=\"text-align: left;\"><br>Hier eine Auswahl seiner Eindr\u00fccke:<\/p>\n<p>&nbsp;<\/p>\nngg_shortcode_0_placeholder\n","protected":false},"excerpt":{"rendered":"<p>&nbsp; Im Mai 2017 hat es Michael nach langen \u00dcberlegungen und Planungen dann endlich nach Tschernobyl und Prypiat verschlagen. Es herrschte eine d\u00fcstere Atmosph\u00e4re, vor allen Dingen wird einem dort erst wirklich das Ausma\u00df der Katastrophe bewusst und welches menschliche Leid sich dort damals ab dem 26. April 1986 ereignet hat. Michael war mit der [&hellip;]<\/p>\n","protected":false},"author":2,"featured_media":0,"parent":0,"menu_order":0,"comment_status":"closed","ping_status":"closed","template":"","meta":{"ngg_post_thumbnail":0,"footnotes":""},"class_list":["post-1232","page","type-page","status-publish","hentry"],"_links":{"self":[{"href":"https:\/\/deep-darkness.org\/wpdeepdarkness\/wp-json\/wp\/v2\/pages\/1232","targetHints":{"allow":["GET"]}}],"collection":[{"href":"https:\/\/deep-darkness.org\/wpdeepdarkness\/wp-json\/wp\/v2\/pages"}],"about":[{"href":"https:\/\/deep-darkness.org\/wpdeepdarkness\/wp-json\/wp\/v2\/types\/page"}],"author":[{"embeddable":true,"href":"https:\/\/deep-darkness.org\/wpdeepdarkness\/wp-json\/wp\/v2\/users\/2"}],"replies":[{"embeddable":true,"href":"https:\/\/deep-darkness.org\/wpdeepdarkness\/wp-json\/wp\/v2\/comments?post=1232"}],"version-history":[{"count":17,"href":"https:\/\/deep-darkness.org\/wpdeepdarkness\/wp-json\/wp\/v2\/pages\/1232\/revisions"}],"predecessor-version":[{"id":3078,"href":"https:\/\/deep-darkness.org\/wpdeepdarkness\/wp-json\/wp\/v2\/pages\/1232\/revisions\/3078"}],"wp:attachment":[{"href":"https:\/\/deep-darkness.org\/wpdeepdarkness\/wp-json\/wp\/v2\/media?parent=1232"}],"curies":[{"name":"wp","href":"https:\/\/api.w.org\/{rel}","templated":true}]}}