{"id":269,"date":"2016-12-13T11:50:41","date_gmt":"2016-12-13T10:50:41","guid":{"rendered":"http:\/\/deep-darkness.org\/wpdeepdarkness\/?page_id=269"},"modified":"2025-06-05T10:34:14","modified_gmt":"2025-06-05T08:34:14","slug":"abschnitt-crusnes","status":"publish","type":"page","link":"https:\/\/deep-darkness.org\/wpdeepdarkness\/abschnitt-crusnes\/","title":{"rendered":"Abschnitt Crusnes"},"content":{"rendered":"<h1 style=\"text-align: justify;\">&nbsp;<\/h1>\n<p>&nbsp;<\/p>\n<p><img loading=\"lazy\" decoding=\"async\" class=\"size-full wp-image-270 alignright\" src=\"http:\/\/deep-darkness.org\/wpdeepdarkness\/wp-content\/uploads\/2016\/12\/region_crusnes.jpg\" alt=\"\" width=\"400\" height=\"379\" srcset=\"https:\/\/deep-darkness.org\/wpdeepdarkness\/wp-content\/uploads\/2016\/12\/region_crusnes.jpg 400w, https:\/\/deep-darkness.org\/wpdeepdarkness\/wp-content\/uploads\/2016\/12\/region_crusnes-300x284.jpg 300w\" sizes=\"auto, (max-width: 400px) 100vw, 400px\" \/><\/p>\n<p style=\"text-align: justify;\">&nbsp;<\/p>\n<p style=\"text-align: justify;\">Der Festungsabschnitt Crusnes ist der erste der vier stark ausgebauten Abschnitte des Festungsgebietes von Metz. Auf einer L\u00e4nge von ungef\u00e4hr 30 Kilometern erstreckt dieser sich von Longuyon bis nord\u00f6stlich von Thionville.<\/p>\n<p style=\"text-align: justify;\">Neben den zahlreichen Kasematten und Beobachtungsbunkern geh\u00f6ren zu dem Sperrabschnitt drei Artilleriewerke, n\u00e4mlich Fermont (A2), Latiremont (A3) und Brehain (A6). Ferner verst\u00e4rkten die Infanteriewerke Ferme Chappy (A1), Mauvais Bois(A4), Bois du Four (A5) und Aumetz (A7) den Festungsabschnitt.<\/p>\n<p>&nbsp;<\/p>\n<p>&nbsp;<\/p>\n<p>&nbsp;<\/p>\n<p>&nbsp;<\/p>\n<p>Hier nun alle, von Deep Darkness besuchten Werke im Festungsabschnitt Saar. Zum Betrachten des Werkes bitte auf den Namen klicken.&nbsp;<\/p>\n<p style=\"text-align: justify;\"><img loading=\"lazy\" decoding=\"async\" class=\"size-full wp-image-271 alignleft\" src=\"http:\/\/deep-darkness.org\/wpdeepdarkness\/wp-content\/uploads\/2016\/12\/abschnitt_latiremont.jpg\" alt=\"\" width=\"120\" height=\"80\"><\/p>\n<p style=\"text-align: justify;\">&nbsp;<\/p>\n<p style=\"text-align: justify;\"><a href=\"http:\/\/deep-darkness.org\/wpdeepdarkness\/latiremont\/\"><span style=\"color: #ff9900;\">Artilleriewerk Latiremont (A3)<\/span><\/a><\/p>\n<p style=\"text-align: justify;\">&nbsp;<\/p>\n<p style=\"text-align: justify;\"><img loading=\"lazy\" decoding=\"async\" class=\"size-full wp-image-272 alignleft\" src=\"http:\/\/deep-darkness.org\/wpdeepdarkness\/wp-content\/uploads\/2016\/12\/abschnitt_brehain.jpg\" alt=\"\" width=\"120\" height=\"80\"><\/p>\n<p style=\"text-align: justify;\">&nbsp;<\/p>\n<p style=\"text-align: justify;\"><a href=\"http:\/\/deep-darkness.org\/wpdeepdarkness\/artilleriewerk-brehain-a6\/\"><span style=\"color: #ff9900;\">Artilleriewerk Brehain (A6)<\/span><\/a><\/p>\n<p style=\"text-align: justify;\">&nbsp;<\/p>\n<p style=\"text-align: justify;\">&nbsp;<\/p>\n<p style=\"text-align: justify;\">&nbsp;<\/p>\n","protected":false},"excerpt":{"rendered":"<p>&nbsp; &nbsp; &nbsp; Der Festungsabschnitt Crusnes ist der erste der vier stark ausgebauten Abschnitte des Festungsgebietes von Metz. Auf einer L\u00e4nge von ungef\u00e4hr 30 Kilometern erstreckt dieser sich von Longuyon bis nord\u00f6stlich von Thionville. Neben den zahlreichen Kasematten und Beobachtungsbunkern geh\u00f6ren zu dem Sperrabschnitt drei Artilleriewerke, n\u00e4mlich Fermont (A2), Latiremont (A3) und Brehain (A6). Ferner [&hellip;]<\/p>\n","protected":false},"author":2,"featured_media":0,"parent":0,"menu_order":0,"comment_status":"closed","ping_status":"closed","template":"","meta":{"ngg_post_thumbnail":0,"footnotes":""},"class_list":["post-269","page","type-page","status-publish","hentry"],"_links":{"self":[{"href":"https:\/\/deep-darkness.org\/wpdeepdarkness\/wp-json\/wp\/v2\/pages\/269","targetHints":{"allow":["GET"]}}],"collection":[{"href":"https:\/\/deep-darkness.org\/wpdeepdarkness\/wp-json\/wp\/v2\/pages"}],"about":[{"href":"https:\/\/deep-darkness.org\/wpdeepdarkness\/wp-json\/wp\/v2\/types\/page"}],"author":[{"embeddable":true,"href":"https:\/\/deep-darkness.org\/wpdeepdarkness\/wp-json\/wp\/v2\/users\/2"}],"replies":[{"embeddable":true,"href":"https:\/\/deep-darkness.org\/wpdeepdarkness\/wp-json\/wp\/v2\/comments?post=269"}],"version-history":[{"count":6,"href":"https:\/\/deep-darkness.org\/wpdeepdarkness\/wp-json\/wp\/v2\/pages\/269\/revisions"}],"predecessor-version":[{"id":1549,"href":"https:\/\/deep-darkness.org\/wpdeepdarkness\/wp-json\/wp\/v2\/pages\/269\/revisions\/1549"}],"wp:attachment":[{"href":"https:\/\/deep-darkness.org\/wpdeepdarkness\/wp-json\/wp\/v2\/media?parent=269"}],"curies":[{"name":"wp","href":"https:\/\/api.w.org\/{rel}","templated":true}]}}