{"id":2995,"date":"2025-06-08T21:15:03","date_gmt":"2025-06-08T19:15:03","guid":{"rendered":"https:\/\/deep-darkness.org\/wpdeepdarkness\/?page_id=2995"},"modified":"2025-06-08T21:21:51","modified_gmt":"2025-06-08T19:21:51","slug":"klooster-van-gerkenberg","status":"publish","type":"page","link":"https:\/\/deep-darkness.org\/wpdeepdarkness\/klooster-van-gerkenberg\/","title":{"rendered":"Klooster van Gerkenberg"},"content":{"rendered":"\n<p><\/p>\n\n\n\n<h1><span style=\"color: #ff9900;\">Kloster van Gerkenberg<\/span><\/h1>\n<p>Einen gut erhaltenen Lost Place m\u00f6chten wir euch heute vorstellen. Es ist kaum zu glauben, doch steht diese Klosteranlage tats\u00e4chlich seit dem Jahr 2001 leer. Unfassbare 16 Jahre (Stand 2017). Einzig die obere Etage des Kloster Komplexes hat durch Dachschaden schon erheblich gelitten und sollte mit Vorsicht befahren werden!<\/p>\n<p>Der Komplex wurde zwischen 1914-1919 von Karmeliter gegr\u00fcndet und gebaut. Im Jahr 1927 wurde der Komplex durch die Missionare des Heiligen Herzens gekauft, der eine unabh\u00e4ngige Studie der Philosophie und Noviziat gr\u00fcndete. Im Jahr 2001 wurde es verlassen und die ans\u00e4ssige Gemeinde kaufte den Komplex auf. Seitdem hat es verschieden Besitzer mit unterschiedlichen Pl\u00e4nen gegeben. Verwirklicht wurde alllerdings bis heute kein einziger.<\/p>\n<p>Die Kirche hat einen Turm aus drei Abschnitten, flankiert von einem Treppent\u00fcrmchen. Die Einrichtung ist vollst\u00e4ndig Neugotisch. Die Zellen der M\u00f6nche sind leider alle bis auf ein obligatorisches Waschbecken leer.<\/p>\nngg_shortcode_0_placeholder\n<p>&nbsp;<\/p>\n<p>&nbsp;<\/p>\n","protected":false},"excerpt":{"rendered":"<p>Kloster van Gerkenberg Einen gut erhaltenen Lost Place m\u00f6chten wir euch heute vorstellen. Es ist kaum zu glauben, doch steht diese Klosteranlage tats\u00e4chlich seit dem Jahr 2001 leer. Unfassbare 16 Jahre (Stand 2017). Einzig die obere Etage des Kloster Komplexes hat durch Dachschaden schon erheblich gelitten und sollte mit Vorsicht befahren werden! Der Komplex wurde [&hellip;]<\/p>\n","protected":false},"author":2,"featured_media":0,"parent":0,"menu_order":0,"comment_status":"closed","ping_status":"closed","template":"","meta":{"ngg_post_thumbnail":0,"footnotes":""},"class_list":["post-2995","page","type-page","status-publish","hentry"],"_links":{"self":[{"href":"https:\/\/deep-darkness.org\/wpdeepdarkness\/wp-json\/wp\/v2\/pages\/2995","targetHints":{"allow":["GET"]}}],"collection":[{"href":"https:\/\/deep-darkness.org\/wpdeepdarkness\/wp-json\/wp\/v2\/pages"}],"about":[{"href":"https:\/\/deep-darkness.org\/wpdeepdarkness\/wp-json\/wp\/v2\/types\/page"}],"author":[{"embeddable":true,"href":"https:\/\/deep-darkness.org\/wpdeepdarkness\/wp-json\/wp\/v2\/users\/2"}],"replies":[{"embeddable":true,"href":"https:\/\/deep-darkness.org\/wpdeepdarkness\/wp-json\/wp\/v2\/comments?post=2995"}],"version-history":[{"count":3,"href":"https:\/\/deep-darkness.org\/wpdeepdarkness\/wp-json\/wp\/v2\/pages\/2995\/revisions"}],"predecessor-version":[{"id":3021,"href":"https:\/\/deep-darkness.org\/wpdeepdarkness\/wp-json\/wp\/v2\/pages\/2995\/revisions\/3021"}],"wp:attachment":[{"href":"https:\/\/deep-darkness.org\/wpdeepdarkness\/wp-json\/wp\/v2\/media?parent=2995"}],"curies":[{"name":"wp","href":"https:\/\/api.w.org\/{rel}","templated":true}]}}