{"id":302,"date":"2016-12-13T13:24:21","date_gmt":"2016-12-13T12:24:21","guid":{"rendered":"http:\/\/deep-darkness.org\/wpdeepdarkness\/?page_id=302"},"modified":"2025-06-06T17:37:33","modified_gmt":"2025-06-06T15:37:33","slug":"artilleriewerk-molvange","status":"publish","type":"page","link":"https:\/\/deep-darkness.org\/wpdeepdarkness\/artilleriewerk-molvange\/","title":{"rendered":"Artilleriewerk Molvange (Gros Ouvrage A9)"},"content":{"rendered":"<h1 style=\"text-align: justify;\"><span style=\"color: #ff9900;\">Artilleriewerk Molvange (Gros Ouvrage A9)<\/span><\/h1>\n<p style=\"text-align: justify;\">&nbsp;<\/p>\n<p style=\"text-align: justify;\">Das Artilleriewerk Molvange befindet sich ca.10 Kilometer n\u00f6rdlich von Thionville in dem gleichnamigen Sperrabschnitt der Maginotlinie. Es verf\u00fcgt \u00fcber neun Kampfbunker. F\u00fcnf davon sind mit Artilleriebewaffnung ausgestattet, zwei mit Infanterie und weitere zwei sind reine Beobachtungsabteilungen. Material und Besatzung gelangten in das Werk durch den jeweiligen Munitions- bzw. Mannschaftseingang.<\/p>\n<p>Major Justamon, der Kommandant, befehligte 725 Mann des 169 und des 151. RAP`s. Das Werk hatte die Funktion von der Hochebene aus, auf der es gebaut wurde, das Moseltal zu sperren. Bemerkenswert an Molvange ist die Art der Bewaffnung. Man findet hier nur Turmwaffen, keinerlei flankierendes Schartenarsenal. In den T\u00fcrmen waren 7,5 cm Kanonen vom Mod. 32 und 33, eine 13,5 cm Haubitze, ein 8,1 cm Granatwerfer und Zwillingsmaschinengewehre untergebracht. Das Artilleriewerk geh\u00f6rt zu den zehn gr\u00f6\u00dften der Linie.<\/p>\n<p>Die Wehrmacht baute es w\u00e4hrend der Besatzung um. Nach der Kapitulation wurde das Werk weiterhin von Pioniertruppen unterhalten. W\u00e4hrend des Kalten Krieges war die instand gesetzte Maginotlinie in ein Verteidigungskonzept gegen die \u00f6stliche Bedrohung eingesetzt. Spuren dieser Zeit findet man vielerorts im Inneren des Werkes. So sind das Hauptmunitionslager M1 und die Kaserne nicht mehr identisch zu den urspr\u00fcnglichen Baupl\u00e4nen.<\/p>\n<p>Heute ist das Werk aufgegeben und verf\u00e4llt langsam. Trotzdem befindet es sich teilweise in einem pr\u00e4chtigen Zustand, da es vor Vandalen und Schrottdieben durch st\u00e4ndigen Verschluss bewahrt wurde. Die T\u00fcrme von Block 6 und 7 wurden demontiert und nach Fermont gebracht, wo sie heute im Museum betrachtet werden k\u00f6nnen.<\/p>\n<p>An vielen Stellen besteht innerhalb des Werkes akute Lebensgefahr!<\/p>\n<p style=\"text-align: justify;\">&nbsp;<\/p>\nngg_shortcode_0_placeholder\n","protected":false},"excerpt":{"rendered":"<p>Artilleriewerk Molvange (Gros Ouvrage A9) &nbsp; Das Artilleriewerk Molvange befindet sich ca.10 Kilometer n\u00f6rdlich von Thionville in dem gleichnamigen Sperrabschnitt der Maginotlinie. Es verf\u00fcgt \u00fcber neun Kampfbunker. F\u00fcnf davon sind mit Artilleriebewaffnung ausgestattet, zwei mit Infanterie und weitere zwei sind reine Beobachtungsabteilungen. Material und Besatzung gelangten in das Werk durch den jeweiligen Munitions- bzw. Mannschaftseingang. [&hellip;]<\/p>\n","protected":false},"author":2,"featured_media":0,"parent":0,"menu_order":0,"comment_status":"closed","ping_status":"closed","template":"template-page-no-title.php","meta":{"ngg_post_thumbnail":0,"footnotes":""},"class_list":["post-302","page","type-page","status-publish","hentry"],"_links":{"self":[{"href":"https:\/\/deep-darkness.org\/wpdeepdarkness\/wp-json\/wp\/v2\/pages\/302","targetHints":{"allow":["GET"]}}],"collection":[{"href":"https:\/\/deep-darkness.org\/wpdeepdarkness\/wp-json\/wp\/v2\/pages"}],"about":[{"href":"https:\/\/deep-darkness.org\/wpdeepdarkness\/wp-json\/wp\/v2\/types\/page"}],"author":[{"embeddable":true,"href":"https:\/\/deep-darkness.org\/wpdeepdarkness\/wp-json\/wp\/v2\/users\/2"}],"replies":[{"embeddable":true,"href":"https:\/\/deep-darkness.org\/wpdeepdarkness\/wp-json\/wp\/v2\/comments?post=302"}],"version-history":[{"count":5,"href":"https:\/\/deep-darkness.org\/wpdeepdarkness\/wp-json\/wp\/v2\/pages\/302\/revisions"}],"predecessor-version":[{"id":2300,"href":"https:\/\/deep-darkness.org\/wpdeepdarkness\/wp-json\/wp\/v2\/pages\/302\/revisions\/2300"}],"wp:attachment":[{"href":"https:\/\/deep-darkness.org\/wpdeepdarkness\/wp-json\/wp\/v2\/media?parent=302"}],"curies":[{"name":"wp","href":"https:\/\/api.w.org\/{rel}","templated":true}]}}