{"id":333,"date":"2016-12-13T14:36:50","date_gmt":"2016-12-13T13:36:50","guid":{"rendered":"http:\/\/deep-darkness.org\/wpdeepdarkness\/?page_id=333"},"modified":"2025-06-06T17:45:14","modified_gmt":"2025-06-06T15:45:14","slug":"artilleriewerk-billig","status":"publish","type":"page","link":"https:\/\/deep-darkness.org\/wpdeepdarkness\/artilleriewerk-billig\/","title":{"rendered":"Artilleriewerk Billig (Gros Ouvrage A18)"},"content":{"rendered":"<h1 style=\"text-align: justify;\"><span style=\"color: #ff9900;\">Artilleriewerk Billig (Gros Ouvrage A18)<\/span><\/h1>\n<p>&nbsp;<\/p>\n<p style=\"text-align: justify;\">Bei diesem, 15 km \u00f6stlich von Thionville gelegenen, mittelgro\u00dfen Artilleriewerk (Gros Ouvrage), handelt es sich um das letzte Werk des Sperrabschnitts von Thionville. Billig verf\u00fcgt \u00fcber einen kombinierten Eingang f\u00fcr Mannschaft und Munition. Zu den sieben Kampfbunkern geh\u00f6ren drei Artillerieabteilungen (Bunker 4, 5 und 6), drei Infanterieabteilungen (Bunker 1, 2 und 3) und ein Beobachter (Bunker 7).<\/p>\n<p style=\"text-align: justify;\">&nbsp;<\/p>\n<p style=\"text-align: center;\"><img loading=\"lazy\" decoding=\"async\" class=\"size-full wp-image-337 aligncenter\" src=\"http:\/\/deep-darkness.org\/wpdeepdarkness\/wp-content\/uploads\/2016\/12\/billig_canon.jpg\" alt=\"\" width=\"640\" height=\"480\" srcset=\"https:\/\/deep-darkness.org\/wpdeepdarkness\/wp-content\/uploads\/2016\/12\/billig_canon.jpg 640w, https:\/\/deep-darkness.org\/wpdeepdarkness\/wp-content\/uploads\/2016\/12\/billig_canon-300x225.jpg 300w\" sizes=\"auto, (max-width: 640px) 100vw, 640px\" \/><em>Werkplan und Canon<\/em><\/p>\n<p style=\"text-align: justify;\">Die Mannschaft umfasste unter dem Kommandanten 547 Mann des 167. RIF und 151. RAP. W\u00e4hrend der deutschen Angriffe kam es zu keiner Kampfhandlung. Die Wehrmacht besetzte das Werk nach der Kapitulation Frankreichs. Nach der Befreiung nutzen es die Amerikaner. Anschlie\u00dfend setzte es die franz\u00f6sische Armee wieder instand. Bis Mitte der 80er Jahre war es voll einsatzbereit. Nach der Aufgabe wurde es gepl\u00fcndert.<\/p>\n<p>Heute macht das Werk ein sehr trauriges Bild. Schrott- und Kupferdiebe haben sich dem Inventar des Werkes angenommen. \u00dcberall \u00fcberwiegt blinde Zerst\u00f6rung. Die meisten Bl\u00f6cke und Teile der Galerie sind von Spuren kleiner und gro\u00dfer Br\u00e4nde gezeichnet, so dass ein Aufstieg kaum noch m\u00f6glich ist. Viele lohnende Fotomotive gibt es nicht mehr. Einige wenige haben wir gefunden und versucht in Szene zu setzen.<\/p>\n<p style=\"text-align: justify;\">&nbsp;<\/p>\n<p style=\"text-align: justify;\">&nbsp;<\/p>\nngg_shortcode_0_placeholder\n","protected":false},"excerpt":{"rendered":"<p>Artilleriewerk Billig (Gros Ouvrage A18) &nbsp; Bei diesem, 15 km \u00f6stlich von Thionville gelegenen, mittelgro\u00dfen Artilleriewerk (Gros Ouvrage), handelt es sich um das letzte Werk des Sperrabschnitts von Thionville. Billig verf\u00fcgt \u00fcber einen kombinierten Eingang f\u00fcr Mannschaft und Munition. Zu den sieben Kampfbunkern geh\u00f6ren drei Artillerieabteilungen (Bunker 4, 5 und 6), drei Infanterieabteilungen (Bunker 1, [&hellip;]<\/p>\n","protected":false},"author":2,"featured_media":0,"parent":0,"menu_order":0,"comment_status":"closed","ping_status":"closed","template":"template-page-no-title.php","meta":{"ngg_post_thumbnail":0,"footnotes":""},"class_list":["post-333","page","type-page","status-publish","hentry"],"_links":{"self":[{"href":"https:\/\/deep-darkness.org\/wpdeepdarkness\/wp-json\/wp\/v2\/pages\/333","targetHints":{"allow":["GET"]}}],"collection":[{"href":"https:\/\/deep-darkness.org\/wpdeepdarkness\/wp-json\/wp\/v2\/pages"}],"about":[{"href":"https:\/\/deep-darkness.org\/wpdeepdarkness\/wp-json\/wp\/v2\/types\/page"}],"author":[{"embeddable":true,"href":"https:\/\/deep-darkness.org\/wpdeepdarkness\/wp-json\/wp\/v2\/users\/2"}],"replies":[{"embeddable":true,"href":"https:\/\/deep-darkness.org\/wpdeepdarkness\/wp-json\/wp\/v2\/comments?post=333"}],"version-history":[{"count":5,"href":"https:\/\/deep-darkness.org\/wpdeepdarkness\/wp-json\/wp\/v2\/pages\/333\/revisions"}],"predecessor-version":[{"id":2493,"href":"https:\/\/deep-darkness.org\/wpdeepdarkness\/wp-json\/wp\/v2\/pages\/333\/revisions\/2493"}],"wp:attachment":[{"href":"https:\/\/deep-darkness.org\/wpdeepdarkness\/wp-json\/wp\/v2\/media?parent=333"}],"curies":[{"name":"wp","href":"https:\/\/api.w.org\/{rel}","templated":true}]}}