{"id":382,"date":"2016-12-13T17:37:33","date_gmt":"2016-12-13T16:37:33","guid":{"rendered":"http:\/\/deep-darkness.org\/wpdeepdarkness\/?page_id=382"},"modified":"2025-06-06T17:57:46","modified_gmt":"2025-06-06T15:57:46","slug":"infanteriewerk-denting","status":"publish","type":"page","link":"https:\/\/deep-darkness.org\/wpdeepdarkness\/infanteriewerk-denting\/","title":{"rendered":"Infanteriewerk Denting (Petite Ouvrage A28)"},"content":{"rendered":"<h1 style=\"text-align: justify;\"><span style=\"color: #ff9900;\">Infanteriewerk Denting (Petite Ouvrage A28)<\/span><\/h1>\n<p>Dieses Infanteriewerk mit seinen drei Bunkern liegt ca. 3 Kilometer nord\u00f6stlich von Boulay und geh\u00f6rt zu dem gleichnamigen Sperrabschnitt.Das Petite Ouvrage wurde von Hauptmann Coste kommandiert, ihm unterstanden 130 Mann des 161.RIF.<\/p>\n<p>Das Werk entspricht bis auf wenige Ausnahmen den urspr\u00fcnglichen Pl\u00e4nen. Es ist ein typisches Beispiel f\u00fcr die Infanteriewerke dieses Abschnittes. Das Werk umfasst zwei einfache Kasematten und einen Bunker (Bunker 3), der einen Maschinengewehrturm beherbergt. Eine der beiden Kasematten (Bunker 2) diente als Eingang.<\/p>\n<p><img loading=\"lazy\" decoding=\"async\" class=\"size-full wp-image-384 aligncenter\" src=\"http:\/\/deep-darkness.org\/wpdeepdarkness\/wp-content\/uploads\/2016\/12\/werksplan_denting.jpg\" alt=\"\" width=\"557\" height=\"449\" srcset=\"https:\/\/deep-darkness.org\/wpdeepdarkness\/wp-content\/uploads\/2016\/12\/werksplan_denting.jpg 557w, https:\/\/deep-darkness.org\/wpdeepdarkness\/wp-content\/uploads\/2016\/12\/werksplan_denting-300x242.jpg 300w\" sizes=\"auto, (max-width: 557px) 100vw, 557px\" \/><\/p>\n<p>&nbsp;<br \/>\nEine pers\u00f6nliche Anmerkung:<\/p>\n<p>Lange Zeit, bis in die j\u00fcngste Vergangenheit, befand sich das Werk in tadellosem Zustand. Leider haben &#8222;zwielichtige&#8220;, dubiose Gestalten w\u00e4hrend der Geisterjagd ihr m\u00f6glichstes getan, dies zu \u00e4ndern. Wollen wir hoffen, dass wenigsten die letzten Reste dieses Werkes der Nachwelt erhalten bleiben.<\/p>\n<p>An vielen Stellen besteht innerhalb des Werkes akute Lebensgefahr!<\/p>\n<p style=\"text-align: justify;\">&nbsp;<\/p>\nngg_shortcode_0_placeholder\n","protected":false},"excerpt":{"rendered":"<p>Infanteriewerk Denting (Petite Ouvrage A28) Dieses Infanteriewerk mit seinen drei Bunkern liegt ca. 3 Kilometer nord\u00f6stlich von Boulay und geh\u00f6rt zu dem gleichnamigen Sperrabschnitt.Das Petite Ouvrage wurde von Hauptmann Coste kommandiert, ihm unterstanden 130 Mann des 161.RIF. Das Werk entspricht bis auf wenige Ausnahmen den urspr\u00fcnglichen Pl\u00e4nen. Es ist ein typisches Beispiel f\u00fcr die Infanteriewerke [&hellip;]<\/p>\n","protected":false},"author":2,"featured_media":0,"parent":0,"menu_order":0,"comment_status":"closed","ping_status":"closed","template":"template-page-no-title.php","meta":{"ngg_post_thumbnail":0,"footnotes":""},"class_list":["post-382","page","type-page","status-publish","hentry"],"_links":{"self":[{"href":"https:\/\/deep-darkness.org\/wpdeepdarkness\/wp-json\/wp\/v2\/pages\/382","targetHints":{"allow":["GET"]}}],"collection":[{"href":"https:\/\/deep-darkness.org\/wpdeepdarkness\/wp-json\/wp\/v2\/pages"}],"about":[{"href":"https:\/\/deep-darkness.org\/wpdeepdarkness\/wp-json\/wp\/v2\/types\/page"}],"author":[{"embeddable":true,"href":"https:\/\/deep-darkness.org\/wpdeepdarkness\/wp-json\/wp\/v2\/users\/2"}],"replies":[{"embeddable":true,"href":"https:\/\/deep-darkness.org\/wpdeepdarkness\/wp-json\/wp\/v2\/comments?post=382"}],"version-history":[{"count":4,"href":"https:\/\/deep-darkness.org\/wpdeepdarkness\/wp-json\/wp\/v2\/pages\/382\/revisions"}],"predecessor-version":[{"id":2721,"href":"https:\/\/deep-darkness.org\/wpdeepdarkness\/wp-json\/wp\/v2\/pages\/382\/revisions\/2721"}],"wp:attachment":[{"href":"https:\/\/deep-darkness.org\/wpdeepdarkness\/wp-json\/wp\/v2\/media?parent=382"}],"curies":[{"name":"wp","href":"https:\/\/api.w.org\/{rel}","templated":true}]}}