{"id":409,"date":"2016-12-13T18:01:23","date_gmt":"2016-12-13T17:01:23","guid":{"rendered":"http:\/\/deep-darkness.org\/wpdeepdarkness\/?page_id=409"},"modified":"2025-06-06T18:04:41","modified_gmt":"2025-06-06T16:04:41","slug":"infanteriewerk-welschhof","status":"publish","type":"page","link":"https:\/\/deep-darkness.org\/wpdeepdarkness\/infanteriewerk-welschhof\/","title":{"rendered":"Infanteriewerk Welschhof (Petite Ouvrage 0240)"},"content":{"rendered":"<h1 style=\"text-align: justify;\"><span style=\"color: #ff9900;\">Infanteriewerk Welschhof (Petite Ouvrage 0240)<\/span><\/h1>\n<p>&nbsp;<\/p>\n<p>Dieses Infanteriewerk mit seinen drei Bunkern liegt ca. 12 Kilometer s\u00fcd\u00f6stlich von Saargem\u00fcnd, 3 Kilometer nordwestlich von Rohrbach und ist als erstes Werk dem Sperrabschnitt von Rohrbach angeschlossen. Welschhof wurde von Hauptmann Lhuisset kommandiert. Ihm unterstanden 160 Mann des 166.RIF.<\/p>\n<p style=\"text-align: justify;\"><img loading=\"lazy\" decoding=\"async\" class=\"size-full wp-image-412 aligncenter\" src=\"http:\/\/deep-darkness.org\/wpdeepdarkness\/wp-content\/uploads\/2016\/12\/sonnenuntergang_welschhof.jpg\" alt=\"\" width=\"400\" height=\"267\" srcset=\"https:\/\/deep-darkness.org\/wpdeepdarkness\/wp-content\/uploads\/2016\/12\/sonnenuntergang_welschhof.jpg 400w, https:\/\/deep-darkness.org\/wpdeepdarkness\/wp-content\/uploads\/2016\/12\/sonnenuntergang_welschhof-300x200.jpg 300w\" sizes=\"auto, (max-width: 400px) 100vw, 400px\" \/><\/p>\n<p>Es ist ein typisches Beispiel f\u00fcr die Infanteriewerke dieses Abschnittes. \u00d6konomisch gebaut, ohne Artilleriebewaffnung, die \u00e4hnlich wie bei seinen Nachbarn, den Infanteriewerken Haut-Poirier und Rohrbach, urspr\u00fcnglich vorgesehen war. Von f\u00fcnf geplanten Bunkern wurden nur drei errichtet. Einer dieser reduzierten Anlagen h\u00e4tte einen 8.1-cm Turm beherbergt.<\/p>\n<p>Am 15. Juni 1940 griffen deutsche Truppen nach dem Durchbruch das Werk von S\u00fcden her an. Mit schweren Artillerieangriffen wurde es am 24.Juni zur Kapitulation gezwungen.<\/p>\n<p>Nach dem Krieg wurde es wieder instand gesetzt und von der Armee genutzt. Ende der Achtziger wurde es aufgegeben und blieb lange Zeit offen. Dies hatte zur Folge, dass das meiste Inventar spurlos verschwand. Einige Festungsvereine entnahmen mit Zustimmung Material.<\/p>\n<p>Eine Besonderheit des Werkes ist Bunker 1. Statt in einem Turm oder einer Kuppel war in diesem hinter einer Scharte eine Kombinationswaffe aus Maschinengewehr und leichter Kanone postiert. 1940 war dies einmalig in der Maginotlinie.<\/p>\n<p>An vielen Stellen besteht innerhalb des Werkes akute Lebensgefahr!<\/p>\n<p style=\"text-align: justify;\"><img loading=\"lazy\" decoding=\"async\" class=\"size-full wp-image-411 aligncenter\" src=\"http:\/\/deep-darkness.org\/wpdeepdarkness\/wp-content\/uploads\/2016\/12\/werksplan_welschhof.jpg\" alt=\"\" width=\"808\" height=\"455\" srcset=\"https:\/\/deep-darkness.org\/wpdeepdarkness\/wp-content\/uploads\/2016\/12\/werksplan_welschhof.jpg 808w, https:\/\/deep-darkness.org\/wpdeepdarkness\/wp-content\/uploads\/2016\/12\/werksplan_welschhof-300x169.jpg 300w, https:\/\/deep-darkness.org\/wpdeepdarkness\/wp-content\/uploads\/2016\/12\/werksplan_welschhof-768x432.jpg 768w\" sizes=\"auto, (max-width: 808px) 100vw, 808px\" \/><\/p>\n<p style=\"text-align: justify;\">&nbsp;<\/p>\nngg_shortcode_0_placeholder\n<p style=\"text-align: justify;\">&nbsp;<\/p>\n","protected":false},"excerpt":{"rendered":"<p>Infanteriewerk Welschhof (Petite Ouvrage 0240) &nbsp; Dieses Infanteriewerk mit seinen drei Bunkern liegt ca. 12 Kilometer s\u00fcd\u00f6stlich von Saargem\u00fcnd, 3 Kilometer nordwestlich von Rohrbach und ist als erstes Werk dem Sperrabschnitt von Rohrbach angeschlossen. Welschhof wurde von Hauptmann Lhuisset kommandiert. Ihm unterstanden 160 Mann des 166.RIF. Es ist ein typisches Beispiel f\u00fcr die Infanteriewerke dieses [&hellip;]<\/p>\n","protected":false},"author":2,"featured_media":0,"parent":0,"menu_order":0,"comment_status":"closed","ping_status":"closed","template":"template-page-no-title.php","meta":{"ngg_post_thumbnail":0,"footnotes":""},"class_list":["post-409","page","type-page","status-publish","hentry"],"_links":{"self":[{"href":"https:\/\/deep-darkness.org\/wpdeepdarkness\/wp-json\/wp\/v2\/pages\/409","targetHints":{"allow":["GET"]}}],"collection":[{"href":"https:\/\/deep-darkness.org\/wpdeepdarkness\/wp-json\/wp\/v2\/pages"}],"about":[{"href":"https:\/\/deep-darkness.org\/wpdeepdarkness\/wp-json\/wp\/v2\/types\/page"}],"author":[{"embeddable":true,"href":"https:\/\/deep-darkness.org\/wpdeepdarkness\/wp-json\/wp\/v2\/users\/2"}],"replies":[{"embeddable":true,"href":"https:\/\/deep-darkness.org\/wpdeepdarkness\/wp-json\/wp\/v2\/comments?post=409"}],"version-history":[{"count":5,"href":"https:\/\/deep-darkness.org\/wpdeepdarkness\/wp-json\/wp\/v2\/pages\/409\/revisions"}],"predecessor-version":[{"id":2938,"href":"https:\/\/deep-darkness.org\/wpdeepdarkness\/wp-json\/wp\/v2\/pages\/409\/revisions\/2938"}],"wp:attachment":[{"href":"https:\/\/deep-darkness.org\/wpdeepdarkness\/wp-json\/wp\/v2\/media?parent=409"}],"curies":[{"name":"wp","href":"https:\/\/api.w.org\/{rel}","templated":true}]}}