{"id":483,"date":"2016-12-13T19:11:55","date_gmt":"2016-12-13T18:11:55","guid":{"rendered":"http:\/\/deep-darkness.org\/wpdeepdarkness\/?page_id=483"},"modified":"2025-06-06T14:38:38","modified_gmt":"2025-06-06T12:38:38","slug":"mimoyecques","status":"publish","type":"page","link":"https:\/\/deep-darkness.org\/wpdeepdarkness\/mimoyecques\/","title":{"rendered":"Mimoyecques"},"content":{"rendered":"<h1 style=\"text-align: justify;\"><span style=\"color: #ff9900;\">Mimoyecques<\/span><\/h1>\n<p>&nbsp;<\/p>\n<p style=\"text-align: justify;\">Im April des Jahres 1943 beschlie\u00dft Adolf Hitler unter dem Projektdecknamen Wiesel die Errichtung einer Offensivbunkeranlage nahe des Dorfes Mimoyecques in der franz\u00f6sischen Region Pas de Calais.<\/p>\n<p style=\"text-align: justify;\">Von hier aus sollte \u00fcber f\u00fcnf Abschussrampen die Vergeltungswaffe (V3) direkt auf London abgefeuert werden. Kleinere Prototypen dieser Waffengattung wurden bereits von der Firma R\u00f6chling\/Saar in Misdroy\/Baltikum und Hillersleben bei Magdeburg errichtet und getestet. Doch gab es in der Erprobungsphase immer wieder R\u00fcckschl\u00e4ge durch explodierende Abschussrohre. Da die V1 und V2 noch nicht verf\u00fcgbar waren ma\u00df Hitler diesem Projekt h\u00f6chste Priorit\u00e4t zu und verlangte ungeduldig den schnellen Ausbau der Anlage. Vertraut mit der Bauleitung war die Organisation Todt. Diese besch\u00e4ftigte mehr als 5000 Zwangsarbeiter und Kriegsgefangene f\u00fcr das Projekt mit der internen Bezeichnung Bauvorhaben 61, war doch geplant ein komplettes Regiment mit ca. 1000 Mann und die Munition der Anlage unter den Kreidefelsen von Mimoyecques zu stationieren.<\/p>\n<p style=\"text-align: justify;\">Bei der Entstehung wurde zuerst ein zweigleisiger Eisenbahntunnel in des Fels getrieben. Per Schiene wurden die n\u00f6tige Baumaterialien und Bauwerkzeuge angeliefert und in den bereits entstandenen Seitenstollen gelagert. So konnten ungest\u00f6rt und bombensicher Z\u00fcge entladen und weitere Stollen in den Fels getrieben werden. Die eigentlichen Abschussanlagen wurden direkt neben den unterirdischen Bahnh\u00f6fen in das Bergmassiv getrieben. 100m tiefe Sch\u00e4chte wurden errichtet, von deren unterster Sohle aus die Verschlussst\u00fccke der vorgesehenen Gesch\u00fctzrohre montiert werden sollten. Von f\u00fcnf nebeneinander liegenden Gesch\u00fctzrohren sollte der Abschuss der V3 erfolgen. Diese Rampen f\u00fchrten im einem Winkel von 25\u00b0 nach \u00fcbertage und waren genau auf London gerichtet, welches in einer Schussdistanz von 160 Kilometern liegt. Die Kanonensch\u00e4chte wurden mit f\u00fcnf Meter dicke Stahlbetonplatten gesichert.<\/p>\n<p style=\"text-align: justify;\">Trotz h\u00f6chster Geheimhaltung des Bauvorhabens (der Abraum wurde zu Tarnzwecken sogar gr\u00fcn eingef\u00e4rbt) werden englische Aufkl\u00e4rer auf das Bauvorhaben aufmerksam. Im November des Jahres 1943 begann die alliierten Bombardements der Baustelle. Bomber der 9. US Airforce Staffel besch\u00e4digten die Anlage so schwer, dass das Projekt verkleinert wurde. Am 6. Juli 1944 griffen englische Bomberverb\u00e4nde bewaffnet mit 5.5t schweren Tallboy-Bomben die Anlage an. Drei dieser Bomben durchschlagen die Batteriesch\u00e4chte und begraben Soldaten und Arbeiter. Viele der Opfer dieses Angriffs fl\u00fcchten in tiefer gelegene Sohlen und ertranken dort im ausgetretenen Grundwasser. Die Toten wurden nie geborgen.<\/p>\n<p style=\"text-align: justify;\">Baurat Huber, leitender Ingenieur des Planungsamtes, schrieb am 11. Juli 1944 an das oberste Heeresamt: &#8222;Der Bau von Mimoyecques kann als erledigt angesehen werden.&#8220;<\/p>\n<p style=\"text-align: justify;\">Ende August geben die Deutschen das Projekt auf und ziehen ab. Am 11.September wird die Gegend von den Kanadiern befreit und die Anlage untersucht. Die V3- Abschussanlage wird am 9. und 14. Mai durch englische Pioniereinheiten letztendlich gesprengt.<\/p>\n<p style=\"text-align: justify;\">&nbsp;<\/p>\nngg_shortcode_0_placeholder\n","protected":false},"excerpt":{"rendered":"<p>Mimoyecques &nbsp; Im April des Jahres 1943 beschlie\u00dft Adolf Hitler unter dem Projektdecknamen Wiesel die Errichtung einer Offensivbunkeranlage nahe des Dorfes Mimoyecques in der franz\u00f6sischen Region Pas de Calais. Von hier aus sollte \u00fcber f\u00fcnf Abschussrampen die Vergeltungswaffe (V3) direkt auf London abgefeuert werden. Kleinere Prototypen dieser Waffengattung wurden bereits von der Firma R\u00f6chling\/Saar in [&hellip;]<\/p>\n","protected":false},"author":2,"featured_media":0,"parent":0,"menu_order":0,"comment_status":"closed","ping_status":"closed","template":"template-page-no-title.php","meta":{"ngg_post_thumbnail":0,"footnotes":""},"class_list":["post-483","page","type-page","status-publish","hentry"],"_links":{"self":[{"href":"https:\/\/deep-darkness.org\/wpdeepdarkness\/wp-json\/wp\/v2\/pages\/483","targetHints":{"allow":["GET"]}}],"collection":[{"href":"https:\/\/deep-darkness.org\/wpdeepdarkness\/wp-json\/wp\/v2\/pages"}],"about":[{"href":"https:\/\/deep-darkness.org\/wpdeepdarkness\/wp-json\/wp\/v2\/types\/page"}],"author":[{"embeddable":true,"href":"https:\/\/deep-darkness.org\/wpdeepdarkness\/wp-json\/wp\/v2\/users\/2"}],"replies":[{"embeddable":true,"href":"https:\/\/deep-darkness.org\/wpdeepdarkness\/wp-json\/wp\/v2\/comments?post=483"}],"version-history":[{"count":4,"href":"https:\/\/deep-darkness.org\/wpdeepdarkness\/wp-json\/wp\/v2\/pages\/483\/revisions"}],"predecessor-version":[{"id":1758,"href":"https:\/\/deep-darkness.org\/wpdeepdarkness\/wp-json\/wp\/v2\/pages\/483\/revisions\/1758"}],"wp:attachment":[{"href":"https:\/\/deep-darkness.org\/wpdeepdarkness\/wp-json\/wp\/v2\/media?parent=483"}],"curies":[{"name":"wp","href":"https:\/\/api.w.org\/{rel}","templated":true}]}}