{"id":66,"date":"2016-12-12T13:07:54","date_gmt":"2016-12-12T12:07:54","guid":{"rendered":"http:\/\/deep-darkness.org\/wpdeepdarkness\/?page_id=66"},"modified":"2025-06-06T17:32:37","modified_gmt":"2025-06-06T15:32:37","slug":"latiremont","status":"publish","type":"page","link":"https:\/\/deep-darkness.org\/wpdeepdarkness\/latiremont\/","title":{"rendered":"GO Latiremont A3"},"content":{"rendered":"<h1 style=\"text-align: justify;\"><span style=\"color: #ff9900;\">Artilleriewerk Latiremont A3<\/span><\/h1>\n<p style=\"text-align: justify;\">&nbsp;<\/p>\n<p style=\"text-align: justify;\"><img loading=\"lazy\" decoding=\"async\" class=\" wp-image-78 aligncenter\" src=\"http:\/\/deep-darkness.org\/wpdeepdarkness\/wp-content\/uploads\/2016\/12\/wappen_lati-300x141.jpg\" alt=\"\" width=\"419\" height=\"197\" srcset=\"https:\/\/deep-darkness.org\/wpdeepdarkness\/wp-content\/uploads\/2016\/12\/wappen_lati-300x141.jpg 300w, https:\/\/deep-darkness.org\/wpdeepdarkness\/wp-content\/uploads\/2016\/12\/wappen_lati.jpg 500w\" sizes=\"auto, (max-width: 419px) 100vw, 419px\" \/><\/p>\n<p style=\"text-align: justify;\">&nbsp;<\/p>\n<p style=\"text-align: justify;\">Das Artilleriewerk Latiremont liegt ca. sechs Kilometer s\u00fcdlich von der Stadt Longwy entfernt im Sperrabschnitt von Crusnes. Es verf\u00fcgt \u00fcber zwei Eingangs-, drei Infanterie- (Block 1, 2 und 3) und drei Artilleriebunker (Block 4, 5 und 6). Major Pophilat kommandierte 601 Mann des 149. RIF und des 152. RAP. Urspr\u00fcnglich sollte es \u00fcber 8 Kampfabteilungen verf\u00fcgen. Vom Bau zwei weiterer Artilleriebunker wurde jedoch aus finanziellen Gr\u00fcnden w\u00e4hrend der Erschaffung abgesehen.<\/p>\n<p style=\"text-align: justify;\">Seit 1990 wurde es von verschiedenen Festungsvereinen geleert. Bis dahin war es vollst\u00e4ndig erhalten und einsatzbereit. Heute ist der Zerfall dieses Werkes scheinbar unaufhaltsam. Es ist teilweise extrem verschlammt, N\u00e4sse und Kalkablagerungen zerst\u00f6ren die Substanz zunehmend. Ein Merkmal von A3 ist der gro\u00dfe H\u00f6henunterschied zwischen den Kampfabteilungen und der Galerie.<\/p>\n<p style=\"text-align: justify;\">&nbsp;<\/p>\nngg_shortcode_0_placeholder\n","protected":false},"excerpt":{"rendered":"<p>Artilleriewerk Latiremont A3 &nbsp; &nbsp; Das Artilleriewerk Latiremont liegt ca. sechs Kilometer s\u00fcdlich von der Stadt Longwy entfernt im Sperrabschnitt von Crusnes. Es verf\u00fcgt \u00fcber zwei Eingangs-, drei Infanterie- (Block 1, 2 und 3) und drei Artilleriebunker (Block 4, 5 und 6). Major Pophilat kommandierte 601 Mann des 149. RIF und des 152. RAP. Urspr\u00fcnglich [&hellip;]<\/p>\n","protected":false},"author":2,"featured_media":0,"parent":0,"menu_order":0,"comment_status":"closed","ping_status":"closed","template":"template-page-no-title.php","meta":{"ngg_post_thumbnail":0,"footnotes":""},"class_list":["post-66","page","type-page","status-publish","hentry"],"_links":{"self":[{"href":"https:\/\/deep-darkness.org\/wpdeepdarkness\/wp-json\/wp\/v2\/pages\/66","targetHints":{"allow":["GET"]}}],"collection":[{"href":"https:\/\/deep-darkness.org\/wpdeepdarkness\/wp-json\/wp\/v2\/pages"}],"about":[{"href":"https:\/\/deep-darkness.org\/wpdeepdarkness\/wp-json\/wp\/v2\/types\/page"}],"author":[{"embeddable":true,"href":"https:\/\/deep-darkness.org\/wpdeepdarkness\/wp-json\/wp\/v2\/users\/2"}],"replies":[{"embeddable":true,"href":"https:\/\/deep-darkness.org\/wpdeepdarkness\/wp-json\/wp\/v2\/comments?post=66"}],"version-history":[{"count":16,"href":"https:\/\/deep-darkness.org\/wpdeepdarkness\/wp-json\/wp\/v2\/pages\/66\/revisions"}],"predecessor-version":[{"id":2157,"href":"https:\/\/deep-darkness.org\/wpdeepdarkness\/wp-json\/wp\/v2\/pages\/66\/revisions\/2157"}],"wp:attachment":[{"href":"https:\/\/deep-darkness.org\/wpdeepdarkness\/wp-json\/wp\/v2\/media?parent=66"}],"curies":[{"name":"wp","href":"https:\/\/api.w.org\/{rel}","templated":true}]}}