{"id":821,"date":"2017-06-06T19:44:21","date_gmt":"2017-06-06T17:44:21","guid":{"rendered":"http:\/\/deep-darkness.org\/wpdeepdarkness\/?page_id=821"},"modified":"2025-06-05T11:20:30","modified_gmt":"2025-06-05T09:20:30","slug":"nato","status":"publish","type":"page","link":"https:\/\/deep-darkness.org\/wpdeepdarkness\/nato\/","title":{"rendered":"NATO"},"content":{"rendered":"<h1><span style=\"color: #ff9900;\">Der kalte Krieg auf Nato Seite<\/span><\/h1>\n<p><img loading=\"lazy\" decoding=\"async\" class=\"size-full wp-image-835 aligncenter\" src=\"http:\/\/deep-darkness.org\/wpdeepdarkness\/wp-content\/uploads\/2017\/06\/fahne_nato.jpg\" alt=\"Flagge der NATO\" width=\"300\" height=\"215\"><\/p>\n<p>&nbsp;<\/p>\n<p style=\"text-align: justify;\">Hier findet sich alles aus dem kalten Krieg &#8211; Gebiet NATO<\/p>\n<p style=\"text-align: justify;\">Die NATO (englisch North Atlantic Treaty Organization \u201eOrganisation des Nordatlantikvertrags\u201c bzw. Nordatlantikpakt-Organisation; im Deutschen h\u00e4ufig als Atlantisches B\u00fcndnis oder als Nordatlantikpakt bezeichnet) oder OTAN (franz\u00f6sisch Organisation du Trait\u00e9 de l\u2019Atlantique Nord) ist eine Internationale Organisation ohne Hoheitsrechte. Ihre Mitgliedsstaaten behalten ihre volle Souver\u00e4nit\u00e4t und Unabh\u00e4ngigkeit. Basis der NATO ist der Nordatlantikvertrag nach Artikel 51 der UN-Charta. Ihre Organisation versteht sich nicht nur als Verteidigungsb\u00fcndnis, sondern auch als milit\u00e4risch-politische Organisation von 29 europ\u00e4ischen und nordamerikanischen Mitgliedstaaten mit dem Ziel eigener Sicherheit und weltweiter Stabilit\u00e4t.<\/p>\n<p>Das NATO-Hauptquartier beherbergt den Nordatlantikrat (das Hauptorgan der NATO) und seine unmittelbar nachgeordneten Einrichtungen, den International Staff (IS) und den International Military Staff (IMS); diese Institution hat seit 1967 ihren Sitz in Br\u00fcssel. Nach der Unterzeichnung des Nordatlantikpakts am 4. April 1949 \u2013 zun\u00e4chst auf 20 Jahre \u2013 war das Hauptquartier zun\u00e4chst in London ans\u00e4ssig und anschlie\u00dfend von 16. April 1952 bis 1967 in Paris angesiedelt worden.<\/p>\n<p>Die beiden wichtigsten milit\u00e4rischen Hauptquartiere sind das ACO (aus historischen und juristischen Gr\u00fcnden auch als Supreme Headquarters Allied Powers Europe \/ SHAPE bezeichnet) im belgischen Casteau bei Mons und das Allied Command Transformation (ACT) in der US-Stadt Norfolk (Virginia).<\/p>\n<p><em>Quelle Wikipedia<\/em><\/p>\n","protected":false},"excerpt":{"rendered":"<p>Der kalte Krieg auf Nato Seite &nbsp; Hier findet sich alles aus dem kalten Krieg &#8211; Gebiet NATO Die NATO (englisch North Atlantic Treaty Organization \u201eOrganisation des Nordatlantikvertrags\u201c bzw. Nordatlantikpakt-Organisation; im Deutschen h\u00e4ufig als Atlantisches B\u00fcndnis oder als Nordatlantikpakt bezeichnet) oder OTAN (franz\u00f6sisch Organisation du Trait\u00e9 de l\u2019Atlantique Nord) ist eine Internationale Organisation ohne Hoheitsrechte. [&hellip;]<\/p>\n","protected":false},"author":2,"featured_media":0,"parent":0,"menu_order":0,"comment_status":"closed","ping_status":"closed","template":"template-page-no-title.php","meta":{"ngg_post_thumbnail":0,"footnotes":""},"class_list":["post-821","page","type-page","status-publish","hentry"],"_links":{"self":[{"href":"https:\/\/deep-darkness.org\/wpdeepdarkness\/wp-json\/wp\/v2\/pages\/821","targetHints":{"allow":["GET"]}}],"collection":[{"href":"https:\/\/deep-darkness.org\/wpdeepdarkness\/wp-json\/wp\/v2\/pages"}],"about":[{"href":"https:\/\/deep-darkness.org\/wpdeepdarkness\/wp-json\/wp\/v2\/types\/page"}],"author":[{"embeddable":true,"href":"https:\/\/deep-darkness.org\/wpdeepdarkness\/wp-json\/wp\/v2\/users\/2"}],"replies":[{"embeddable":true,"href":"https:\/\/deep-darkness.org\/wpdeepdarkness\/wp-json\/wp\/v2\/comments?post=821"}],"version-history":[{"count":9,"href":"https:\/\/deep-darkness.org\/wpdeepdarkness\/wp-json\/wp\/v2\/pages\/821\/revisions"}],"predecessor-version":[{"id":1579,"href":"https:\/\/deep-darkness.org\/wpdeepdarkness\/wp-json\/wp\/v2\/pages\/821\/revisions\/1579"}],"wp:attachment":[{"href":"https:\/\/deep-darkness.org\/wpdeepdarkness\/wp-json\/wp\/v2\/media?parent=821"}],"curies":[{"name":"wp","href":"https:\/\/api.w.org\/{rel}","templated":true}]}}